419 + 436. Calculate the highest common divisor of l and 425.
17
Let u = -154 - -284. Suppose 0 = -0*q + q - 5*a + 146, 5*q - 5*a + 770 = 0. Let v be ((-16)/(-6))/((-8)/q). What is the greatest common factor of u and v?
26
Let m(j) = 3*j**2 + 14*j - 17. Let f be m(5). Calculate the highest common factor of 64 and f.
64
Let r(s) = 2*s**2 + 7*s + 36. Let t be r(-6). Suppose 17 - t = -w. What is the highest common factor of 7 and w?
7
Let i be -1 + (-35)/(-5)*3. Let n be (-10)/(-8) - (-875)/i. What is the greatest common divisor of n and 9?
9
Let l be 28/21*21/(-2). Let k be l + 214 - (1 + -1). Suppose -39 = 4*a - 139. What is the highest common divisor of k and a?
25
Let f(z) = -15*z - 8. Let q be f(6). Let l = q - -211. Let v = l + -43. Calculate the greatest common factor of 28 and v.
14
Let k(o) = o + 27. Let g(a) = a**3 - 4*a - 7. Let s be g(3). Let i be k(s). Let u = -8 + 13. Calculate the highest common divisor of u and i.
5
Let a(p) = -p**3 + p**2 + 4*p - 4. Let x be a(2). Let o be (x - -1)/(3 - (-1552)/(-520)). Calculate the greatest common divisor of 13 and o.
13
Let u = 1694 + -1657. What is the greatest common factor of u and 37?
37
Suppose -17*w + 13 = -1109. What is the greatest common divisor of 1221 and w?
33
Let q be 3 - 1*(0 + -93). Suppose 2*j = -0*j + q. Calculate the highest common divisor of 16 and j.
16
Let r = 541 + -461. What is the highest common divisor of r and 20?
20
Let c be 4 - (-144 - (-4 - 0)). Suppose -3*h + 0*h = -c. Calculate the greatest common factor of 24 and h.
24
Let v(b) = -b - 28. Let p be v(-28). Suppose 0 = 5*i + j - p*j - 25, 0 = -5*i + 2*j + 40. Calculate the highest common factor of 48 and i.
6
Suppose 12*s - 437 = 31. Calculate the highest common factor of s and 169.
13
Suppose 0*y = -3*y. Let m(a) = 3*a + 23. Let v be m(y). What is the greatest common factor of v and 23?
23
Suppose 5026 - 166 = 6*x. What is the highest common factor of 30 and x?
30
Suppose 4*s - 5*s + 3*j = -24, j = 2*s - 28. What is the highest common divisor of s and 18?
6
Let a(f) = f - 3. Let n be a(7). Let c(o) = -5*o - 29. Let u be c(-9). What is the greatest common divisor of u and n?
4
Suppose -3 = x, -67 = -3*y + 2*x - 28. Suppose -83 = -f - 5*h, -89*f - 2*h = -91*f + 178. Calculate the highest common factor of f and y.
11
Let g be 144/10*10/3. What is the highest common divisor of 120 and g?
24
Let p(n) = n**2 + 3 - 4 + 0*n + 74*n**3 + n. Let y be p(1). Suppose 4*d - y = 1. What is the highest common divisor of 171 and d?
19
Let s(t) = t**3 - 2*t**2 - 3*t + 13. Let i be s(4). Calculate the greatest common factor of 264 and i.
33
Suppose -8*g = -3*g - g. Suppose g = -3*y - y + 4, 2*y - 234 = -2*j. Calculate the highest common divisor of j and 29.
29
Let s = -1366 + 1393. What is the highest common divisor of 63 and s?
9
Let o = -4188 + 7968. What is the highest common factor of 140 and o?
140
Let x be (-30)/(-12)*104/20. Calculate the highest common divisor of 1339 and x.
13
Suppose -3*t + 125 = -5*a - t, -100 = 4*a - 2*t. Let p be (30/a)/(2/(-10)). Suppose 5*y - 34 - p = 0. What is the highest common divisor of 72 and y?
8
Let o(n) = 2*n**3 - 4*n**2 + 3*n - 2. Let m be o(2). Suppose -8*k + m*k + 152 = 0. What is the greatest common divisor of 19 and k?
19
Let x = 0 - -48. Let j = 85 + x. Calculate the highest common factor of j and 19.
19
Let x = 140 - -120. Calculate the greatest common factor of 52 and x.
52
Let j = 16 + -18. Let c be (-15)/30 - 209/j. Calculate the highest common divisor of c and 13.
13
Suppose 420 = 7*w + 5*l, -74*l + 76*l + 240 = 4*w. Suppose 2*n = -0*n - 4*c + 72, 36 = n + c. Calculate the greatest common factor of w and n.
12
Let z(s) = 18*s**2 - 4*s - 17*s**2 + 7*s - 32. Let f be z(6). Calculate the highest common divisor of f and 176.
22
Let c be (-22)/(-451) - (-103304)/328. What is the highest common factor of c and 120?
15
Let s be (1/3)/(4/48). Let n be 2*2/(s/(-29)). Let g = n + 49. What is the highest common factor of 50 and g?
10
Let r be (1 - 3)*(-33645)/30. Suppose 703 = -5*u + r. Suppose -4*o + 4*n = -u, -o + 68 = -3*n - n. Calculate the greatest common divisor of 32 and o.
16
Suppose 388 = 3*c - 2*a, 0 = -0*c + 2*c - 3*a - 262. Calculate the highest common divisor of 48 and c.
16
Let i = -204 - -220. Calculate the greatest common divisor of i and 40.
8
Suppose 6 + 0 = 3*j. Let l be (-3)/(81/41 - 2). Suppose -j*v + 37 + l = 0. What is the greatest common divisor of v and 16?
16
Let z be (-6)/8*-4*9. Let x = -15 - -35. Let n be 1*(x - 2)*1. Calculate the greatest common divisor of n and z.
9
Suppose 3*n - 50 = 4*s, -44 = 3*n - 6*n + s. Let f = 5 - n. Let b = f - -77. What is the highest common factor of 34 and b?
34
Let j be (28/6)/(16/24). Let u be (252/(-10))/(10/(-25)). Calculate the greatest common factor of u and j.
7
Let u be (-4)/7 - (-3268)/133. Let k(c) = 3 - 7*c + 9*c + 0 - c. Let b be k(0). What is the greatest common factor of u and b?
3
Let j(s) be the second derivative of -7*s**3/6 + 18*s**2 + 2*s. Let t be j(0). What is the highest common factor of t and 6?
6
Suppose -2*t = -5*p - 1697, 2*p + 1315 = 3*t - 1236. Calculate the greatest common factor of 23 and t.
23
Suppose i = -2*h + 12 + 9, 3*i = -3. Let c be 3*(-1 + h/3). Suppose -3*g - 9 = 0, -5*l + 2*l + 18 = -5*g. What is the greatest common divisor of l and c?
1
Let x(f) be the third derivative of f**5/20 - 3*f**4/8 + 5*f**3/6 + 8*f**2. Let y be x(4). Calculate the highest common factor of 17 and y.
17
Suppose -8*t + 5*u + 25 = -3*t, 0 = 5*u - 20. Calculate the greatest common factor of t and 207.
9
Suppose -19 = -2*q - 11. Suppose -q*z = -z + 5*g - 22, -3*z + 4*g = -31. Calculate the greatest common divisor of z and 9.
9
Let k be (19/38)/((-2)/(-204)). Calculate the highest common factor of k and 6.
3
Suppose -u = u - 100. Let g be -3*(-5)/30 + u/4. Suppose -3*i + 5*z = -449, -i + 4*z + 155 = z. Calculate the highest common factor of i and g.
13
Suppose -v + 41 = 2*p - 0*v, 0 = 5*p - 2*v - 116. Suppose -2*x - 2*n + 562 = 0, -9*x + 14*x + 2*n = 1420. Calculate the greatest common divisor of x and p.
22
Let z(a) = a**3 + 5*a**2 - a - 1. Let q be z(-4). Let g = -1143 + 2212. Suppose g = 5*c + 404. Calculate the greatest common divisor of q and c.
19
Let x = 30 + 133. Let h = x - 98. What is the highest common divisor of h and 13?
13
Let z be 13 + -15 + 7 - (0 + 1). What is the highest common divisor of 122 and z?
2
Suppose 3*n - 5 = 103. What is the greatest common factor of n and 612?
36
Suppose 4*o + 22 = 2*q, 5*q - 3*q = 3*o + 19. Calculate the highest common factor of 115 and q.
5
Let w(z) be the second derivative of z**5/20 - z**3/6 - 3*z. Let u be w(0). Let f(n) = n**2 + 40. Let o be f(u). What is the highest common factor of 5 and o?
5
Suppose -n - n + 10 = 0. Suppose -3 - 17 = n*u, p - 4*u = 64. What is the greatest common divisor of p and 16?
16
Suppose 38*w = d + 33*w - 15, 4*d + 2*w = 170. Calculate the greatest common divisor of 270 and d.
10
Suppose l = -l - 24. Let f = 37 + l. Suppose 0 = 4*p + t - 19, 2*p - t - 13 = 2*t. Calculate the greatest common factor of f and p.
5
Suppose -8*o = -438 + 30. Let y = o + -9. Let g = -114 - -177. What is the highest common divisor of y and g?
21
Suppose 13*n - 471 - 166 = 0. Calculate the greatest common divisor of n and 49.
49
Let z = -67 - -187. Suppose -7*q + 11*q - 330 = 5*u, -4*u = 8. Calculate the highest common factor of z and q.
40
Suppose -78*s + 4940 = -65*s. What is the highest common divisor of s and 40?
20
Suppose -15*v = -11*v. Suppose -3*y = -v*y - 477. Let z = y + -90. Calculate the greatest common divisor of 23 and z.
23
Let j be 196 - ((-1)/(-5) - (-64)/80). What is the greatest common divisor of 15 and j?
15
Suppose 2*j - 60 = -2*l - 0*l, 4*j - 120 = 5*l. Let r(v) = v**3 + 7*v**2 - 4*v - 13. Let s be r(-7). Calculate the highest common factor of j and s.
15
Suppose m + 1 = 0, r + 2*m + 3 - 5 = 0. Suppose -a + 48 = 3*a. Suppose -3*k + 4*k - 3*v - a = 0, r*k = 2*v + 68. What is the greatest common divisor of k and 9?
9
Suppose -18 = -7*h + 24. Suppose -2*p = h - 14, -w = 4*p - 18. What is the highest common divisor of w and 6?
2
Suppose -14 = 5*n - 414. Suppose -3*t - t + 2*i - 158 = 0, 0 = 5*t - 2*i + 195. Let u = t - -53. What is the greatest co